{"id":151,"date":"2022-09-11T15:53:55","date_gmt":"2022-09-11T15:53:55","guid":{"rendered":"https:\/\/www.ganhoescastroverde.com.pt\/?page_id=151"},"modified":"2022-09-12T10:23:51","modified_gmt":"2022-09-12T10:23:51","slug":"o-cante-dos-ganhoes","status":"publish","type":"page","link":"https:\/\/www.ganhoescastroverde.com.pt\/?page_id=151","title":{"rendered":"O Cante dos Ganh\u00f5es"},"content":{"rendered":"\n<h2 class=\"wp-block-heading\">O Cante dos Ganh\u00f5es<\/h2>\n\n\n\n<p class=\"has-drop-cap\">As ra\u00edzes do cante alentejano perdem-se na Hist\u00f3ria, como na hist\u00f3ria de Castro Verde se perde a origem de um cantar ligado \u00e0 terra, cuja a tradi\u00e7\u00e3o \u201cOs Ganh\u00f5es\u201d perpetuam. Hoje, como ontem, \u201cOs Ganh\u00f5es\u201d mant\u00eam a sua autenticidade. Herdeiros de uma tradi\u00e7\u00e3o que \u00e9 sua: a de um cante que j\u00e1 foi de trabalho, que agora mais de lazer e de conv\u00edvio, mas sobretudo, e sempre, de afirma\u00e7\u00e3o cultural. Um cante da plan\u00edcie cantado por homens de face rugosa, habituados ao sol que incendeia a tarde, sedentos de partilharem este saber antigo, talvez t\u00e3o antigo como esta terra onde habitam: ALENTEJO de seu nome. Um Alentejo que \u201cOs Ganh\u00f5es\u201d t\u00eam levado consigo na voz e na maneira de estar, a todo o pa\u00eds e a alguns festivais internacionais, onde evidenciam uma particular import\u00e2ncia ao aspecto etnogr\u00e1fico e \u00e0 recolha do cancioneiro popular, tendo no seu report\u00f3rio algumas das mais genu\u00ednas modas do Baixo Alentejo, numa polifonia rica em tradi\u00e7\u00e3o mediterr\u00e2nica.<\/p>\n\n\n\n<blockquote class=\"wp-block-quote has-tertiary-background-color has-background is-layout-flow wp-block-quote-is-layout-flow\"><p>&#8220;Quem nasceu no Alentejo tem o Alentejo dentro de si para sempre. Por isso, o Alentejo \u00e9 infinito. As plan\u00edcies parecem n\u00e3o ter fim porque n\u00e3o t\u00eam fim de facto. Dentro da gente, existem campos com sobreiros e azinheiras, existem rostos enxovalhados pelo sol, pele que tem as rugas da terra. Dentro da gente, existem searas.<\/p><p>O cante \u00e9 a voz dessa terra infinita. Os homens descem pelas ruas quando voltam do campo ao fim da tarde. Nos olhares, trazem o p\u00f3 queimado pelo sol. Nessa hora, pouco antes do sol-p\u00f4r, nasce uma aragem nos rostos dos homens. Essa aragem fresca passa pelas pedras das ruas, pela cal das casas onde houve vida e morte, pelos sorrisos, pelas crian\u00e7as que brincam na rua. O cante \u00e9 essa aragem.&#8221;<\/p><cite>Jos\u00e9 Lu\u00eds Peixoto<\/cite><\/blockquote>\n\n\n<figure class=\"wp-block-post-featured-image\"><img loading=\"lazy\" decoding=\"async\" width=\"1239\" height=\"625\" src=\"https:\/\/www.ganhoescastroverde.com.pt\/wp-content\/uploads\/2022\/09\/CanteVivo-1.jpg\" class=\"attachment-post-thumbnail size-post-thumbnail wp-post-image\" alt=\"\" style=\"object-fit:cover;\" srcset=\"https:\/\/www.ganhoescastroverde.com.pt\/wp-content\/uploads\/2022\/09\/CanteVivo-1.jpg 1239w, https:\/\/www.ganhoescastroverde.com.pt\/wp-content\/uploads\/2022\/09\/CanteVivo-1-300x151.jpg 300w, https:\/\/www.ganhoescastroverde.com.pt\/wp-content\/uploads\/2022\/09\/CanteVivo-1-1024x517.jpg 1024w, https:\/\/www.ganhoescastroverde.com.pt\/wp-content\/uploads\/2022\/09\/CanteVivo-1-768x387.jpg 768w\" sizes=\"auto, (max-width: 1239px) 100vw, 1239px\" \/><\/figure>","protected":false},"excerpt":{"rendered":"<p>O Cante dos Ganh\u00f5es As ra\u00edzes do cante alentejano perdem-se na Hist\u00f3ria, como na hist\u00f3ria de Castro Verde se perde a origem de um cantar ligado \u00e0 terra, cuja a tradi\u00e7\u00e3o \u201cOs Ganh\u00f5es\u201d perpetuam. Hoje, como ontem, \u201cOs Ganh\u00f5es\u201d mant\u00eam a sua autenticidade. Herdeiros de uma tradi\u00e7\u00e3o que \u00e9 sua: a de um cante que [&hellip;]<\/p>\n","protected":false},"author":1,"featured_media":160,"parent":0,"menu_order":0,"comment_status":"closed","ping_status":"closed","template":"","meta":{"footnotes":""},"class_list":["post-151","page","type-page","status-publish","has-post-thumbnail","hentry"],"_links":{"self":[{"href":"https:\/\/www.ganhoescastroverde.com.pt\/index.php?rest_route=\/wp\/v2\/pages\/151","targetHints":{"allow":["GET"]}}],"collection":[{"href":"https:\/\/www.ganhoescastroverde.com.pt\/index.php?rest_route=\/wp\/v2\/pages"}],"about":[{"href":"https:\/\/www.ganhoescastroverde.com.pt\/index.php?rest_route=\/wp\/v2\/types\/page"}],"author":[{"embeddable":true,"href":"https:\/\/www.ganhoescastroverde.com.pt\/index.php?rest_route=\/wp\/v2\/users\/1"}],"replies":[{"embeddable":true,"href":"https:\/\/www.ganhoescastroverde.com.pt\/index.php?rest_route=%2Fwp%2Fv2%2Fcomments&post=151"}],"version-history":[{"count":7,"href":"https:\/\/www.ganhoescastroverde.com.pt\/index.php?rest_route=\/wp\/v2\/pages\/151\/revisions"}],"predecessor-version":[{"id":221,"href":"https:\/\/www.ganhoescastroverde.com.pt\/index.php?rest_route=\/wp\/v2\/pages\/151\/revisions\/221"}],"wp:featuredmedia":[{"embeddable":true,"href":"https:\/\/www.ganhoescastroverde.com.pt\/index.php?rest_route=\/wp\/v2\/media\/160"}],"wp:attachment":[{"href":"https:\/\/www.ganhoescastroverde.com.pt\/index.php?rest_route=%2Fwp%2Fv2%2Fmedia&parent=151"}],"curies":[{"name":"wp","href":"https:\/\/api.w.org\/{rel}","templated":true}]}}